{"id":16,"date":"2020-08-31T20:48:54","date_gmt":"2020-08-31T20:48:54","guid":{"rendered":"http:\/\/mobitap.com.pl\/?page_id=16"},"modified":"2025-03-26T19:46:54","modified_gmt":"2025-03-26T19:46:54","slug":"main","status":"publish","type":"page","link":"https:\/\/mobitap.com.pl\/","title":{"rendered":"main"},"content":{"rendered":"<p>[et_pb_section fb_built=&#8221;1&#8243; fullwidth=&#8221;on&#8221; _builder_version=&#8221;4.5.2&#8243; _module_preset=&#8221;default&#8221; top_divider_color=&#8221;#ffffff&#8221; bottom_divider_style=&#8221;arrow3&#8243; bottom_divider_color=&#8221;#ffffff&#8221;][et_pb_fullwidth_slider _builder_version=&#8221;4.5.2&#8243; _module_preset=&#8221;default&#8221; text_shadow_style=&#8221;preset5&#8243;][et_pb_slide heading=&#8221;Witaj w MobiTap&#8221; _builder_version=&#8221;4.5.2&#8243; _module_preset=&#8221;default&#8221; background_image=&#8221;https:\/\/mobitap.com.pl\/wp-content\/uploads\/2020\/08\/3751942-scaled-1.jpg&#8221; background_enable_image=&#8221;on&#8221; sticky_transition=&#8221;on&#8221;]<\/p>\n<h2>Mi\u0142o ci\u0119 widzie\u0107.<\/h2>\n<p>[\/et_pb_slide][\/et_pb_fullwidth_slider][\/et_pb_section][et_pb_section fb_built=&#8221;1&#8243; _builder_version=&#8221;4.5.2&#8243; _module_preset=&#8221;default&#8221;][et_pb_row column_structure=&#8221;2_5,3_5&#8243; _builder_version=&#8221;4.5.2&#8243; _module_preset=&#8221;default&#8221; custom_margin=&#8221;|auto|-6px|auto||&#8221;][et_pb_column type=&#8221;2_5&#8243; _builder_version=&#8221;4.5.2&#8243; _module_preset=&#8221;default&#8221;][et_pb_video src=&#8221;https:\/\/www.youtube.com\/watch?v=rzw3QLdBcqo&#038;feature=youtu.be&#8221; _builder_version=&#8221;4.6.0&#8243; _module_preset=&#8221;default&#8221;][\/et_pb_video][\/et_pb_column][et_pb_column type=&#8221;3_5&#8243; _builder_version=&#8221;4.5.2&#8243; _module_preset=&#8221;default&#8221;][et_pb_text _builder_version=&#8221;4.6.0&#8243; _module_preset=&#8221;default&#8221;]<\/p>\n<p style=\"text-align: justify;\">Firma MobiTap od 2019 roku specjalizuje si\u0119 w us\u0142ugach prania tapicerek meblowych i samochodowych z dojazdem do Klienta.\u00a0 Zajmujemy si\u0119 tak\u017ce kompleksowym czyszczeniem i ozonowaniem wn\u0119trz samochodowych oraz odgrzybianiem klimatyzacji. Wraz z rosn\u0105cym zainteresowaniem od 2025 roku oferujemy czyszczenie wn\u0119trz samochodowych r\u00f3wnie\u017c stacjonarnie w Bydgoszczy przy ul. Babia Wie\u015b 14 (obowi\u0105zuj\u0105 zapisy).<\/p>\n<p style=\"text-align: justify;\">Dzi\u0119ki u\u017cywaniu profesjonalnych wentylator\u00f3w, na \u017cyczenie tapicerka meblowa jest podsuszana aby maksymalnie skr\u00f3ci\u0107 czas schni\u0119cia mebli a tapicerka samochodowa po czyszczeniu jest suszona, zatem auto jest gotowe od razu do u\u017cytku. Zapewniamy bezp\u0142atny dojazd do Klienta na terenie Bydgoszczy i okolic do 30km przy us\u0142udze za minimum 120z\u0142. Nasza oferta skierowana jest zar\u00f3wno do os\u00f3b prywatnych jak i lokali us\u0142ugowych oraz firm. Na \u017cyczenie Klienta wystawiamy faktury VAT.<\/p>\n<h4 style=\"text-align: justify;\">Zakres naszych us\u0142ug:<\/h4>\n<p>[\/et_pb_text][et_pb_slider use_bg_overlay=&#8221;off&#8221; use_text_overlay=&#8221;on&#8221; disabled_on=&#8221;on|off|off&#8221; _builder_version=&#8221;4.5.2&#8243; _module_preset=&#8221;default&#8221; min_height=&#8221;237px&#8221; custom_margin=&#8221;||0px|||&#8221; custom_padding=&#8221;||6px|||&#8221;][et_pb_slide heading=&#8221;Czyszczenie tapicerek meblowych&#8221; _builder_version=&#8221;4.5.2&#8243; _module_preset=&#8221;default&#8221; background_image=&#8221;https:\/\/mobitap.com.pl\/wp-content\/uploads\/2020\/08\/3751942-scaled-1.jpg&#8221; background_enable_image=&#8221;on&#8221; sticky_transition=&#8221;on&#8221;][\/et_pb_slide][et_pb_slide heading=&#8221;Czyszczenie tapicerek samochodowych&#8221; _builder_version=&#8221;4.5.2&#8243; _module_preset=&#8221;default&#8221; background_image=&#8221;https:\/\/mobitap.com.pl\/wp-content\/uploads\/2020\/08\/36596-1-scaled-1.jpg&#8221; background_enable_image=&#8221;on&#8221; sticky_transition=&#8221;on&#8221;][\/et_pb_slide][et_pb_slide heading=&#8221;Kompleksowe czyszczenie wn\u0119trz samochodowych&#8221; _builder_version=&#8221;4.5.2&#8243; _module_preset=&#8221;default&#8221; background_image=&#8221;https:\/\/mobitap.com.pl\/wp-content\/uploads\/2020\/08\/36596-1-scaled-1.jpg&#8221; background_enable_image=&#8221;on&#8221; sticky_transition=&#8221;on&#8221;][\/et_pb_slide][et_pb_slide heading=&#8221;Odgrzybianie klimatyzacji i ozonowanie wn\u0119trza samochodowego&#8221; _builder_version=&#8221;4.5.2&#8243; _module_preset=&#8221;default&#8221; background_image=&#8221;https:\/\/mobitap.com.pl\/wp-content\/uploads\/2020\/08\/36596-1-scaled-1.jpg&#8221; background_enable_image=&#8221;on&#8221; sticky_transition=&#8221;on&#8221;][\/et_pb_slide][\/et_pb_slider][et_pb_text disabled_on=&#8221;off|on|on&#8221; _builder_version=&#8221;4.5.2&#8243; _module_preset=&#8221;default&#8221;]<\/p>\n<ul>\n<li>\n<h5>Czyszczenie tapicerek meblowych<\/h5>\n<\/li>\n<li>\n<h5>Czyszczenie tapicerek samochodowych<\/h5>\n<\/li>\n<li>\n<h5>Kompleksowe czyszczenie wn\u0119trz samochodowych<\/h5>\n<\/li>\n<li>\n<h5>Odgrzybianie klimatyzacji i ozonowanie wn\u0119trza samochodowego<\/h5>\n<\/li>\n<\/ul>\n<p>[\/et_pb_text][\/et_pb_column][\/et_pb_row][\/et_pb_section]<\/p>\n","protected":false},"excerpt":{"rendered":"<p>[et_pb_section fb_built=&#8221;1&#8243; fullwidth=&#8221;on&#8221; _builder_version=&#8221;4.5.2&#8243; _module_preset=&#8221;default&#8221; top_divider_color=&#8221;#ffffff&#8221; bottom_divider_style=&#8221;arrow3&#8243; bottom_divider_color=&#8221;#ffffff&#8221;][et_pb_fullwidth_slider _builder_version=&#8221;4.5.2&#8243; _module_preset=&#8221;default&#8221; text_shadow_style=&#8221;preset5&#8243;][et_pb_slide heading=&#8221;Witaj w MobiTap&#8221; _builder_version=&#8221;4.5.2&#8243; _module_preset=&#8221;default&#8221; background_image=&#8221;https:\/\/mobitap.com.pl\/wp-content\/uploads\/2020\/08\/3751942-scaled-1.jpg&#8221; background_enable_image=&#8221;on&#8221; sticky_transition=&#8221;on&#8221;] Mi\u0142o ci\u0119 widzie\u0107. [\/et_pb_slide][\/et_pb_fullwidth_slider][\/et_pb_section][et_pb_section fb_built=&#8221;1&#8243; _builder_version=&#8221;4.5.2&#8243; _module_preset=&#8221;default&#8221;][et_pb_row column_structure=&#8221;2_5,3_5&#8243; _builder_version=&#8221;4.5.2&#8243; _module_preset=&#8221;default&#8221; custom_margin=&#8221;|auto|-6px|auto||&#8221;][et_pb_column type=&#8221;2_5&#8243; _builder_version=&#8221;4.5.2&#8243; _module_preset=&#8221;default&#8221;][et_pb_video src=&#8221;https:\/\/www.youtube.com\/watch?v=rzw3QLdBcqo&#038;feature=youtu.be&#8221; _builder_version=&#8221;4.6.0&#8243; _module_preset=&#8221;default&#8221;][\/et_pb_video][\/et_pb_column][et_pb_column type=&#8221;3_5&#8243; _builder_version=&#8221;4.5.2&#8243; _module_preset=&#8221;default&#8221;][et_pb_text _builder_version=&#8221;4.6.0&#8243; _module_preset=&#8221;default&#8221;] Firma MobiTap od 2019 roku specjalizuje si\u0119 w us\u0142ugach prania tapicerek meblowych i samochodowych [&hellip;]<\/p>\n","protected":false},"author":1,"featured_media":0,"parent":0,"menu_order":0,"comment_status":"closed","ping_status":"closed","template":"","meta":{"_et_pb_use_builder":"on","_et_pb_old_content":"<!-- wp:divi\/placeholder \/-->","_et_gb_content_width":"","footnotes":""},"_links":{"self":[{"href":"https:\/\/mobitap.com.pl\/index.php?rest_route=\/wp\/v2\/pages\/16"}],"collection":[{"href":"https:\/\/mobitap.com.pl\/index.php?rest_route=\/wp\/v2\/pages"}],"about":[{"href":"https:\/\/mobitap.com.pl\/index.php?rest_route=\/wp\/v2\/types\/page"}],"author":[{"embeddable":true,"href":"https:\/\/mobitap.com.pl\/index.php?rest_route=\/wp\/v2\/users\/1"}],"replies":[{"embeddable":true,"href":"https:\/\/mobitap.com.pl\/index.php?rest_route=%2Fwp%2Fv2%2Fcomments&post=16"}],"version-history":[{"count":11,"href":"https:\/\/mobitap.com.pl\/index.php?rest_route=\/wp\/v2\/pages\/16\/revisions"}],"predecessor-version":[{"id":308,"href":"https:\/\/mobitap.com.pl\/index.php?rest_route=\/wp\/v2\/pages\/16\/revisions\/308"}],"wp:attachment":[{"href":"https:\/\/mobitap.com.pl\/index.php?rest_route=%2Fwp%2Fv2%2Fmedia&parent=16"}],"curies":[{"name":"wp","href":"https:\/\/api.w.org\/{rel}","templated":true}]}}